e -2*p - 5*a + 93 = 0, 0 = -5*p - 5*a + 2*a + n. What is the tens digit of p?
3
Suppose 0*l - 5*l - 20 = 0, -c - 3*l = -20. Suppose 2*p - p - 2*b - c = 0, -3*b = -2*p + 61. Suppose 246 = 5*m + p. What is the units digit of m?
4
Suppose 9*i + 2 + 52 = 0. What is the units digit of 3/(-18) + (19957/i)/(-7)?
5
Let s = 6735 + -5868. What is the hundreds digit of s?
8
Let r be 3 - ((-4)/(-2))/4*-2. Suppose -r*d - 4*d = -2168. Let z = d - 141. What is the hundreds digit of z?
1
Let x be 553*4/42*(117 + 0). Suppose 5*s + 4*l - 843 = x, s - 1401 = 3*l. What is the tens digit of s?
0
Let l(w) = 8 + 2 - 38*w + 2*w**2 + 49*w - 52*w. What is the tens digit of l(-9)?
4
Let a = -5962 + 11140. Suppose 0 = 8*t - 2*t - a. Let m = -595 + t. What is the hundreds digit of m?
2
Suppose 5*a - 51 = -11. Suppose 0 = -q + w, a*q - 2*w = 7*q. Suppose k = -q*k + 3. What is the units digit of k?
3
Let x = -3 + 8. Let k be (-2746)/(-4) - (1 - 1/((-4)/(-6))). Suppose -5*b + x*c + 865 = 0, 5*b = b + 3*c + k. What is the hundreds digit of b?
1
Let p = 10 + 1232. What is the tens digit of p?
4
What is the tens digit of (3/7 - (-164)/287) + 14733 + -1?
3
Suppose -3*w + w - 20 = b, -w - 19 = 5*b. Let p be 1667/9 - (-2 - 20/w). What is the units digit of p/(-2)*40/(-50)?
4
Let w be (-67)/(15/105 + 136/(-903)). Suppose -21*l + w + 16305 = 0. What is the thousands digit of l?
1
Let l(q) = 259*q**2 + 8*q - 35. What is the hundreds digit of l(-7)?
6
Suppose -j = 4*g - 21, 4*g = 4*j + 9 - 13. Suppose -3*o + 2*w + 3 = 0, -3*o + 2 = g*w - 19. What is the units digit of o?
3
Let x(t) = -t**3 - 12*t**2 - 25*t + 14. Let f be x(-12). Suppose -f = -8*w + 918. Suppose -11*s + 1408 = -w. What is the units digit of s?
2
Suppose 102*n - 1882 = 12806. Let z = 1 - -5. Suppose -2*v = -n + z. What is the units digit of v?
9
Suppose 4*w + 20610 = 2*c, 5*c - 21*w + 22*w - 51503 = 0. What is the tens digit of c?
0
Let f(y) be the third derivative of 5*y**4/24 - 5*y**3/6 + 16*y**2. Let l = -11 - -19. What is the tens digit of f(l)?
3
Let s be 372/17 + 3/((-204)/(-8)). Let t be s/8 + (1 - (-7)/(-4)). What is the tens digit of t/(543/537 + 1 - 2)?
7
Let b(h) = -12825*h - 2886. What is the units digit of b(-5)?
9
Let n = -5161 + 12971. What is the tens digit of n?
1
Let m(k) = 645*k**2 - 35*k - 125. What is the hundreds digit of m(-3)?
7
Let h = 1016 + 1779. What is the units digit of h?
5
Suppose -5*t + 6340 = -25*t. Let f = t - -630. What is the tens digit of f?
1
Let j be (-112)/140*(-10)/4. Suppose j*c = q + 3161, -1583 = -c - 14*q + 17*q. What is the thousands digit of c?
1
Let h = 9494 - 1481. What is the tens digit of h?
1
Suppose 0 = 23*p - 46958 - 39315. Let n = p + -2194. What is the hundreds digit of n?
5
Let s be 8/(-56) - (4 - 460/35). What is the tens digit of (-1 + -1278)/((-1 - s) + 9)?
7
Let p be 3915/75 + ((-2)/10)/1. Suppose -p*l = -56*l. What is the units digit of -3 + 5 + l + 222?
4
Let f(o) = o**3 + 2*o**2 - 8*o + 2. Let r be f(-4). Let w be ((-3)/(-2) - (-3)/r)*1. What is the units digit of (0 - (-2 + w)) + (128 - 13)?
4
Suppose -16*b + 20*b + 1312 = 0. Let j = b - -518. What is the tens digit of j?
9
Let y(g) = 21*g**2 + g - 2. Let c be y(1). What is the hundreds digit of (165/c)/((-3)/(-128))?
3
Let o(j) = -j. Let i(v) = 5*v + 26. Let x(r) = i(r) - 2*o(r). Let z be x(-3). Suppose -c + w = -66, 4*c - z*c + 71 = -2*w. What is the units digit of c?
1
Let y(n) = -563*n - 2110. What is the hundreds digit of y(-23)?
8
Let y = 16 + -7. Let t be (562 - -21) + 18/(-2). Suppose -t = 2*m - y*m. What is the units digit of m?
2
Let t = -6 + 5. Let l(v) = -147*v**3 - 2*v - 2. Let m be l(t). Let j = -105 + m. What is the units digit of j?
2
Let r(c) = c**3 + 16*c**2 + 2. Suppose 0 = 4*b + t + 65, -2*t - t = -3*b - 30. Let d be (-12)/(-4)*80/b. What is the units digit of r(d)?
2
Suppose o - l = -2*l, 2*o + 12 = 4*l. Let z be (-1)/o*0 + -1 + 93. Suppose 0 = 3*r - 4*f - 268, -2*r + 85 = -f - z. What is the units digit of r?
8
Let m(p) be the second derivative of p**5/20 + 7*p**4/3 + 17*p**3/3 - 28*p**2 + 8*p - 4. What is the units digit of m(-26)?
2
Let z(b) = 20*b**2 + 103*b + 1890. What is the hundreds digit of z(-26)?
7
Let b(u) = u**3 - 11*u**2 - 31*u - 52. Let q be b(15). Let r = -56 + q. What is the tens digit of r?
2
Let i(x) be the first derivative of 3*x**5/20 + 3*x**4/4 - 19*x**3/3 + 32. Let c(z) be the third derivative of i(z). What is the tens digit of c(6)?
2
Let g = 142 - 142. Suppose -u + 288 + 131 = g. What is the hundreds digit of u?
4
Suppose -5*a + 332 = -1463. Let q = a + 92. Suppose -4*o - l + 368 = 0, -5*o + 2*l - l + q = 0. What is the tens digit of o?
9
Suppose -59*z + 29*z = -20*z - 14110. What is the thousands digit of z?
1
Suppose 2*t - 6 = -t. Suppose 12*x = 67*x + 4895. Let q = t - x. What is the units digit of q?
1
What is the tens digit of (-3)/(42/28) - -3813?
1
Let s = 8466 - -6677. What is the hundreds digit of s?
1
Let x(n) = 6*n**3 - 233*n**2 + 92*n - 66. What is the tens digit of x(40)?
1
What is the hundreds digit of (4792/8)/((-2)/(-38))?
3
Let f(i) be the second derivative of i**4/6 - 17*i**3/3 + 3*i**2/2 - i - 16. What is the hundreds digit of f(21)?
1
Suppose 4*b - 35 = -5*x, 15 = 5*b - 5*x - 40. Suppose 3*d - 2*d + t - 485 = 0, 0 = 5*t - b. Let h = d + -275. What is the units digit of h?
8
Suppose 11 = 2*w - 5. Suppose -1078 = i - w*i. Let v = i - 54. What is the tens digit of v?
0
Let g = 62720 - 36630. Suppose -12*h = 9278 - g. What is the thousands digit of h?
1
Let a = -31 + -534. Let k = 1484 + a. What is the units digit of k?
9
What is the tens digit of 8631 + -12 + (-304)/(-19)?
3
Let q(h) = -4*h**2 - 7*h - 3. Let j be q(9). What is the units digit of (-2 + j)*(-4 + 39/12)?
4
Let u = 214 - 216. What is the tens digit of (-4 - 0)/(u/153)?
0
Suppose 5*k + 734 = -2*v + 2442, 4*v = -4*k + 3392. What is the tens digit of v?
4
Let a be (-1)/(-6) - 299/(-78). Let o be (1 - 0) + (-8 - -7) - -16. Suppose -t = -5*t - 2*l + 556, -o = a*l. What is the units digit of t?
1
Let q = 11 - 1. Let p be (-2)/(-4)*q*4. Let g = p + 19. What is the tens digit of g?
3
Suppose -2*k - 6*u + 9*u - 119 = 0, -3*k = 2*u + 185. Let m = 539 - k. What is the units digit of m?
0
Suppose 0 = 5*r + 2*p + 384, r - 2*p + 32 = -52. Let k = -67 - r. Suppose o + k = 272. What is the hundreds digit of o?
2
Let t = -86 + 91. Suppose 0 = 2*j - 5*j - 2*g + 1459, -t*j + 2*g = -2405. Suppose -6*s - 87 + j = 0. What is the units digit of s?
6
What is the units digit of 1466*(-48)/(-36)*(0 - -6)?
8
Suppose -2*d - 106769 = -5*j, -d = -285*j + 284*j + 21358. What is the thousands digit of j?
1
Let x be (-50468)/(-16) - (-3)/4. Suppose x = 14*w + 579. What is the tens digit of w?
8
What is the hundreds digit of 13*(7 + -3 - -339)?
4
Suppose -x + 51 = 46. What is the hundreds digit of 285 + (x - -1) + 13 + -15?
2
Suppose 0*w = 4*w + 44. Let s = w + 0. What is the units digit of 1/(-3)*3333/s?
1
Suppose -3*c + 889 = z, -24*c + 19*c = -3*z + 2723. Let a = z - 657. What is the tens digit of a?
4
Suppose 1 = y + 25. Let f(v) = v**2 - 5*v - 54. What is the tens digit of f(y)?
4
Let u(p) = -8*p**2 + 1146*p - 1058. What is the units digit of u(137)?
2
Let l = -5276 + 6598. What is the tens digit of l?
2
Let z(l) = 5*l**2 - 10*l + 354. Let y(q) = -9*q**2 + 21*q - 706. Let f(c) = -3*y(c) - 5*z(c). What is the units digit of f(17)?
5
Let c(g) = 26*g - 255. Let d be c(10). Suppose -d*v = -j + 465, -2*j + 912 = 2*v - 6*v. What is the hundreds digit of j?
4
Let n(t) = -4*t**3 - 4*t**2 - t + 2. Let w be n(-2). What is the units digit of (577/5)/(w/200)?
4
Suppose 0 = -21*z + 525019 - 162769. What is the tens digit of z?
5
Suppose 0 = 3*d + 5*x - 2091, -6 = -0*x + 2*x. Let a = -135 + d. What is the hundreds digit of a?
5
Suppose 0 = -5*s + 56 + 59. Let y(a) = -a**2 - 42*a - 421. Let t be y(-27). Let d = t + s. What is the units digit of d?
7
Let n = -207 + 210. Suppose n*g + x = 172, -4*g - 4*x = g - 275. What is the tens digit of g?
5
Suppose 0 = -13*t + 20263 + 8480. What is the hundreds digit of t?
2
Suppose -17*j + 208464 - 35285 = 0. What is the hundreds digit of j?
1
Let m be -7 + 1818 + -7 + 2. Suppose 22 = -4*v + m. What is the hundreds digit of v?
4
Let s be -5 + (5 - 3) + 1134. Let c = s + -646. What 